{"id":339,"date":"2018-10-06T21:17:28","date_gmt":"2018-10-06T19:17:28","guid":{"rendered":"http:\/\/192.168.100.50\/wordpress\/?page_id=339"},"modified":"2023-07-29T18:53:13","modified_gmt":"2023-07-29T18:53:13","slug":"ueber","status":"publish","type":"page","link":"https:\/\/fotokreis-siegen.de\/?page_id=339","title":{"rendered":"\u00dcber"},"content":{"rendered":"\t\t<div data-elementor-type=\"wp-post\" data-elementor-id=\"339\" class=\"elementor elementor-339\">\n\t\t\t\t\t\t<section class=\"elementor-section elementor-top-section elementor-element elementor-element-7ef1b01 elementor-section-boxed elementor-section-height-default elementor-section-height-default\" data-id=\"7ef1b01\" data-element_type=\"section\" data-e-type=\"section\">\n\t\t\t\t\t\t<div class=\"elementor-container elementor-column-gap-default\">\n\t\t\t\t\t<div class=\"elementor-column elementor-col-100 elementor-top-column elementor-element elementor-element-efa75f0\" data-id=\"efa75f0\" data-element_type=\"column\" data-e-type=\"column\">\n\t\t\t<div class=\"elementor-widget-wrap elementor-element-populated\">\n\t\t\t\t\t\t<div class=\"elementor-element elementor-element-0e0c1ba elementor-widget elementor-widget-text-editor\" data-id=\"0e0c1ba\" data-element_type=\"widget\" data-e-type=\"widget\" data-widget_type=\"text-editor.default\">\n\t\t\t\t<div class=\"elementor-widget-container\">\n\t\t\t\t\t\t\t\t\t<p>Der Fotokreis Siegen e.V. ist ein Zusammenschluss von Amateurfotografen aus dem Kreis Siegen-Wittgenstein und den umliegenden Landkreisen. Unser Vereinstreffen findet regelm\u00e4ssig freitags ab 20:00 Uhr in unseren Vereinsr\u00e4umen im\u00a0 L\u00f6hrtorgymnasium statt. Was wir sonst so treiben erfahren Sie, wenn Sie unser Programm lesen. \u00a0Sind Sie neugierig geworden? Besuchen Sie uns doch einfach &#8211; G\u00e4ste sind jederzeit willkommen!<\/p><h5>Historie<\/h5><p>Am 23.11. des Jahres 1949 war es soweit: der Verein erblickte auf Anregung von Herrn Dr. Seiter \u201edas Licht der Welt\u201c. Zun\u00e4chst unter dem Namen \u201eArbeitsgemeinschaft der Fotofreunde des Kreises Siegen\u201c, Vorsitzender der ersten Stunde: Heinz Wiechert.<\/p><p>Obwohl, eigentlich wurde es eher dunkel. Denn ein gemeinsames Hauptziel der Gr\u00fcndungsmitglieder war die Suche nach der totalen Finsternis f\u00fcr eine gemeinsame Dunkelkammer. Ein zentral in Siegen gelegenes \u201eVerlies\u201c fand sich schnell: ein Kellerraum des L\u00f6hrtor Gymnasiums in der Oranienstra\u00dfe 27.<\/p><p>So tauchen seit der Vereinsgr\u00fcndung jeden Freitag um 20.00 Uhr mit Fotos bewaffnete Gestalten an der linken Geb\u00e4udeseite in den Untergrund der Schule ab. Dort k\u00e4mpfen sie, inzwischen unter dem Vereinsnamen \u201eFotokreis Siegen e.V.\u201c, leidenschaftlich, hart aber herzlich im Wettbewerb f\u00fcr ihre Fotos und f\u00fcr ihren Verein. Viele Mitglieder beteiligen sich auch erfolgreich an \u00fcberregionalen Wettbewerben des Deutschen\u00a0Verbands\u00a0f\u00fcr Fotografie (DVF). Erste Ergebnisse der abendlichen Fotothemenrunden finden auf dieser Homepage unter \u201eBild des Monats\u201c bereits den Weg in die \u00d6ffentlichkeit. Neben Sonderausstellungen pr\u00e4sentiert der Fotokreis seine Werke regelm\u00e4\u00dfig zu Beginn eines jeden Jahres im Haus Seel in der Siegener Oberstadt.<\/p><p>Wer das lebendige Treiben freitags abends in der \u201eUnterwelt\u201c selbst erleben m\u00f6chte, ist herzlich eingeladen. Die Beteiligung mit einem eigenen Foto wird gerne gesehen, ist aber kein muss. Wir freuen uns \u00fcber G\u00e4ste und neue Mitglieder!<\/p>\t\t\t\t\t\t\t\t<\/div>\n\t\t\t\t<\/div>\n\t\t\t\t\t<\/div>\n\t\t<\/div>\n\t\t\t\t\t<\/div>\n\t\t<\/section>\n\t\t\t\t<\/div>\n\t\t","protected":false},"excerpt":{"rendered":"<p>Der Fotokreis Siegen e.V. ist ein Zusammenschluss von Amateurfotografen aus dem Kreis Siegen-Wittgenstein und den umliegenden Landkreisen. Unser Vereinstreffen findet regelm\u00e4ssig freitags [&hellip;]<\/p>\n","protected":false},"author":2,"featured_media":0,"parent":0,"menu_order":0,"comment_status":"closed","ping_status":"closed","template":"page-templates\/page_fullwidth.php","meta":{"footnotes":""},"class_list":["post-339","page","type-page","status-publish","hentry"],"jetpack_sharing_enabled":true,"_links":{"self":[{"href":"https:\/\/fotokreis-siegen.de\/index.php?rest_route=\/wp\/v2\/pages\/339","targetHints":{"allow":["GET"]}}],"collection":[{"href":"https:\/\/fotokreis-siegen.de\/index.php?rest_route=\/wp\/v2\/pages"}],"about":[{"href":"https:\/\/fotokreis-siegen.de\/index.php?rest_route=\/wp\/v2\/types\/page"}],"author":[{"embeddable":true,"href":"https:\/\/fotokreis-siegen.de\/index.php?rest_route=\/wp\/v2\/users\/2"}],"replies":[{"embeddable":true,"href":"https:\/\/fotokreis-siegen.de\/index.php?rest_route=%2Fwp%2Fv2%2Fcomments&post=339"}],"version-history":[{"count":5,"href":"https:\/\/fotokreis-siegen.de\/index.php?rest_route=\/wp\/v2\/pages\/339\/revisions"}],"predecessor-version":[{"id":21390,"href":"https:\/\/fotokreis-siegen.de\/index.php?rest_route=\/wp\/v2\/pages\/339\/revisions\/21390"}],"wp:attachment":[{"href":"https:\/\/fotokreis-siegen.de\/index.php?rest_route=%2Fwp%2Fv2%2Fmedia&parent=339"}],"curies":[{"name":"wp","href":"https:\/\/api.w.org\/{rel}","templated":true}]}}

Über

<div data-elementor-type="wp-post" data-elementor-id="339" class="elementor elementor-339">
						<section class="elementor-section elementor-top-section elementor-element elementor-element-7ef1b01 elementor-section-boxed elementor-section-height-default elementor-section-height-default" data-id="7ef1b01" data-element_type="section" data-e-type="section">
						<div class="elementor-container elementor-column-gap-default">
					<div class="elementor-column elementor-col-100 elementor-top-column elementor-element elementor-element-efa75f0" data-id="efa75f0" data-element_type="column" data-e-type="column">
			<div class="elementor-widget-wrap elementor-element-populated">
						<div class="elementor-element elementor-element-0e0c1ba elementor-widget elementor-widget-text-editor" data-id="0e0c1ba" data-element_type="widget" data-e-type="widget" data-widget_type="text-editor.default">
				<div class="elementor-widget-container">
									<p>Der Fotokreis Siegen e.V. ist ein Zusammenschluss von Amateurfotografen aus dem Kreis Siegen-Wittgenstein und den umliegenden Landkreisen. Unser Vereinstreffen findet regelmässig freitags ab 20:00 Uhr in unseren Vereinsräumen im  Löhrtorgymnasium statt. Was wir sonst so treiben erfahren Sie, wenn Sie unser Programm lesen.  Sind Sie neugierig geworden? Besuchen Sie uns doch einfach &#8211; Gäste sind jederzeit willkommen!</p><h5>Historie</h5><p>Am 23.11. des Jahres 1949 war es soweit: der Verein erblickte auf Anregung von Herrn Dr. Seiter „das Licht der Welt“. Zunächst unter dem Namen „Arbeitsgemeinschaft der Fotofreunde des Kreises Siegen“, Vorsitzender der ersten Stunde: Heinz Wiechert.</p><p>Obwohl, eigentlich wurde es eher dunkel. Denn ein gemeinsames Hauptziel der Gründungsmitglieder war die Suche nach der totalen Finsternis für eine gemeinsame Dunkelkammer. Ein zentral in Siegen gelegenes „Verlies“ fand sich schnell: ein Kellerraum des Löhrtor Gymnasiums in der Oranienstraße 27.</p><p>So tauchen seit der Vereinsgründung jeden Freitag um 20.00 Uhr mit Fotos bewaffnete Gestalten an der linken Gebäudeseite in den Untergrund der Schule ab. Dort kämpfen sie, inzwischen unter dem Vereinsnamen „Fotokreis Siegen e.V.“, leidenschaftlich, hart aber herzlich im Wettbewerb für ihre Fotos und für ihren Verein. Viele Mitglieder beteiligen sich auch erfolgreich an überregionalen Wettbewerben des Deutschen Verbands für Fotografie (DVF). Erste Ergebnisse der abendlichen Fotothemenrunden finden auf dieser Homepage unter „Bild des Monats“ bereits den Weg in die Öffentlichkeit. Neben Sonderausstellungen präsentiert der Fotokreis seine Werke regelmäßig zu Beginn eines jeden Jahres im Haus Seel in der Siegener Oberstadt.</p><p>Wer das lebendige Treiben freitags abends in der „Unterwelt“ selbst erleben möchte, ist herzlich eingeladen. Die Beteiligung mit einem eigenen Foto wird gerne gesehen, ist aber kein muss. Wir freuen uns über Gäste und neue Mitglieder!</p>								</div>
				</div>
					</div>
		</div>
					</div>
		</section>
				</div>

<p>Der Fotokreis Siegen e.V. ist ein Zusammenschluss von Amateurfotografen aus dem Kreis Siegen-Wittgenstein und den umliegenden Landkreisen. Unser Vereinstreffen findet regelmässig freitags [&hellip;]</p>
